2*n + 18. What is the units digit of (19/19)/(n/704)?
2
Suppose -66*o - 127909 = -482667 - 515056. What is the units digit of o?
9
Let r be 2/(-12) - 186314/(-228). Suppose 0 = -4*f + 20, -u + r + 64 = f. What is the units digit of u?
6
Let h = -623 - -939. Suppose -161 = -f + h. What is the tens digit of f?
7
Let n(s) = s + 27. Let w be n(-23). Suppose 0 = -4*c - w*m - 72, m = -c - 3*m - 3. Let z = c + 96. What is the tens digit of z?
7
Let h(a) = 12*a**3 - a**2 + 6*a + 6. Let b(n) = 25*n**3 - 2*n**2 + 12*n + 11. Let u(o) = 3*b(o) - 5*h(o). What is the units digit of u(3)?
7
Let n(u) = -50*u + 141. Let c be n(6). Let r = -16 - c. What is the hundreds digit of r?
1
Let d be (234/12)/(-13) + 1/(-2). What is the units digit of 56 - (-5 + 2 + d)?
1
What is the units digit of (4 + -7)*(-26485)/15 + -5?
2
What is the tens digit of 52/858 - 655768/(-132)?
6
Let w(i) = 128*i**2 - 70*i + 627. What is the thousands digit of w(9)?
0
Suppose 0 = -2*v - 4*t + 11128, -6*v + 5*v + 5565 = t. What is the tens digit of v?
6
Let s = 101207 - 67210. What is the ten thousands digit of s?
3
Let t(w) = w**2 - 6 - 2*w**3 - 5*w + 0 + 0*w. Let j(n) = -48*n - 99. Let d be j(-2). What is the units digit of t(d)?
2
Let g(y) = 188*y - 2446. What is the units digit of g(74)?
6
Let x be (7/4)/(4/(-16)). Let y = -9 - x. What is the tens digit of 3*((-192)/(-9) + y)?
5
Suppose -108*t + 69*t + 1283080 = 14254. What is the hundreds digit of t?
5
Let j(k) = 88*k + 10231. What is the ten thousands digit of j(0)?
1
Let b = 75727 + -54049. What is the units digit of b?
8
Let l = -2502 + 3809. Suppose 0 = -2*j - 5*s + l, j + s = 913 - 261. What is the units digit of j?
1
Suppose 0 = 3*i - 4*g - 29440, 35*g = i + 38*g - 9783. What is the tens digit of i?
0
Let m be 131*(2 + -6 + 5)*-1. Let j = m - -903. What is the hundreds digit of j?
7
Suppose -17*n + 20*n = 18. Let i(d) = 98*d + 40. What is the tens digit of i(n)?
2
Suppose 4*s - 3*p - 7 = 3*s, -2*s + p - 1 = 0. Let w be s/4*(-1 - 143). Let r = w + -46. What is the tens digit of r?
2
Suppose -5*f + 5*c = -29770, -4*c = 2*f - 10599 - 1315. What is the hundreds digit of f?
9
Suppose -5*j + 16 = -124. Suppose 4*w - j = -w - 4*i, 0 = -2*i - 6. Suppose -13*p = -w*p - 1135. What is the hundreds digit of p?
2
Suppose 0 = -z - 5*q + 911, z = 3*q + 137 + 806. Suppose 5*j - 2014 = z. What is the units digit of j?
9
Suppose 13*i - 144 = -23*i. Suppose -2*o = -5*o - 5*v + 780, 3*o = i*v + 780. What is the units digit of o?
0
Let l(y) = 4*y**2 - 25*y - 11. Let h be l(11). Suppose 16*o + h = 19*o. What is the units digit of o?
6
Let s = -97 - -1219. What is the thousands digit of s + (19 - 7) + 1*-3?
1
Suppose -2*z + 74 = 3*n, 0*z = -5*n - z + 114. Suppose 3384 = -667*l + 676*l. What is the units digit of l/9 + 1 - n/(-99)?
3
Suppose 5*w + 17 = 7. What is the units digit of (33 - 56)/(w/6)?
9
Suppose -2*h = -3*x - 130325, -h + 29*x + 65159 = 28*x. What is the units digit of h?
2
Suppose 0*q = -q. Suppose 6*l - 119 - 91 = q. What is the tens digit of ((-28)/l)/((-1)/145)?
1
Let r(i) = 62*i**2 + 11*i - 212. What is the hundreds digit of r(9)?
9
Let w(i) = 2*i - 16. Let r be w(15). Suppose 0 = 2*u - 5*t + r, t = -u + 6 + 1. Suppose -u*q + a + 233 = 0, 0*q + a = -q + 79. What is the tens digit of q?
7
Let v = 109557 - 51816. What is the hundreds digit of v?
7
What is the units digit of (-2)/(-465)*-15 - (1175445/(-93))/3?
3
What is the ten thousands digit of (30444288/18)/28 - (-2 + 21/9)?
6
Let a be 20/(-10) - (-4 + 572). Let k = 1094 + a. What is the hundreds digit of k?
5
Let i = -55 - -235. Let w = -134 - -254. Suppose t + w = 2*y - 4*t, i = 3*y + t. What is the tens digit of y?
6
Let c(g) = 5*g**2 - 4*g - 5. Suppose -5*m + 6 = -3*z, 2*m + 3*z = 9 + 6. Let j be c(m). Suppose -j*d + 22 = -27*d. What is the tens digit of d?
2
Let j(o) = 8*o**3 - 5 + 5*o - 3*o**3 - 6*o**3 + 7*o**2. Let w be j(6). Suppose -1 = 5*x - w. What is the units digit of x?
2
Suppose -2*z + 3534 = -5*k, -72*z + 69*z = -5*k - 5311. What is the tens digit of z?
7
Suppose -5*g = 4*y + 25, 5*y - 23*g + 27*g + 20 = 0. Suppose -32*u + 50*u - 2520 = y. What is the hundreds digit of u?
1
Suppose 35*c + 81 = 38*c. Let p be 36/c*15/2. What is the tens digit of 5*8/100 - (-1666)/p?
6
Suppose -533*k + 2389095 = -37357248. What is the units digit of k?
1
Let b be (-10)/9*9/(-1). Suppose -5*j - 5 = 0, 2*j + 227 = 5*h + b. What is the units digit of h?
3
Suppose 148*s - 549006 = 74*s. What is the tens digit of s?
1
Let m be -18*((-14)/4 - -1). Let o(d) = 2*d + 112. Let k be o(-7). Let x = m + k. What is the units digit of x?
3
Let m(i) = 6*i**2 + 20*i - 71. Let f(o) = -o**3 + 6*o + 9. Let c be f(0). What is the units digit of m(c)?
5
Suppose -10*u = -1178 - 4962. What is the tens digit of u?
1
Let d(w) = 4*w**2 - 3*w + 5. Suppose 0 = -5*a - 2*f + 30, 0*a = a + 3*f + 7. Let g be a/6 + (-2)/(-3). What is the tens digit of d(g)?
1
Let i be 0 + (-6)/(-9) + 21936/36. Let l = i + -344. What is the hundreds digit of l?
2
Suppose 1083*u - 7520 = 1078*u. Suppose -232*b + 224*b + u = 0. What is the units digit of b?
8
Suppose -7880 = -z - 2*q, -12 = 10*q - 12*q. What is the thousands digit of z?
7
Suppose -13*a + 4225 = -0*a. What is the hundreds digit of a?
3
Suppose 0 = 5*t - 2*p - 2621, 5*t - 2445 = -2*p + 184. What is the hundreds digit of -2 - (20/6)/((-7)/t)?
2
Let f(a) = -a - 2. Let t be f(-6). Suppose -621 = t*s + 491. Let w = 394 + s. What is the tens digit of w?
1
Suppose -177*s = -178*s + h + 10027, -s = 2*h - 10021. What is the tens digit of s?
2
Let s = 52 + -50. Suppose 0 = -3*p + s*h - 0*h + 18, 3*h - 3 = -3*p. What is the units digit of 63 + -6 + 1*p?
1
What is the hundreds digit of 46*(34/4 + 0) - 4?
3
Let q = 0 + -13. Let u(h) = 3*h**2 - 13*h + 22. What is the hundreds digit of u(q)?
6
Let q = -927 - -1416. Let x = 836 - q. What is the tens digit of x?
4
Let v(z) = 4*z + 590. What is the hundreds digit of v(-45)?
4
Suppose -l + 5*y - 8*y = -115, 3*y + 505 = 4*l. Suppose -4*x = -3*m - 518, 0*x - l = -x - 2*m. Suppose -119*o = -115*o - x. What is the tens digit of o?
3
Let c = 366 - 390. What is the units digit of c/(-6) + (-623)/(-1)?
7
Suppose -3*g - 2*v = 34, 5*g + v = 7*g + 25. Let d(c) = -c**3 - 13*c**2 - 13*c - 10. Let o be d(g). Suppose 513 + 21 = o*n. What is the units digit of n?
7
Let f(t) = 65*t**2 + 27*t - 3. Let b be f(5). Let z = -400 + b. What is the hundreds digit of z?
3
Suppose -14*a + 2129 - 26461 = 0. What is the tens digit of (2 + -6 - (a + -18)) + -4?
4
Let b(m) be the first derivative of 58*m**2 - 53*m + 110. What is the hundreds digit of b(5)?
5
Suppose -30*u = -34*u - o + 32335, -u + 8086 = -2*o. What is the thousands digit of u?
8
Suppose 5 - 14 = -3*z. Suppose 4*u - 70 = z*u. Let t = u - 44. What is the tens digit of t?
2
Suppose 5200 = 4*a + 2*n + 2*n, 3*a - 2*n - 3900 = 0. Suppose 3*x = -c + 252, 5*c - x - a = 4*x. Suppose 4*l - c - 210 = 0. What is the hundreds digit of l?
1
What is the units digit of (-30111 + -13)*(-6)/48*4?
2
What is the thousands digit of (3234/(-4))/((-333)/222)*3?
1
Suppose -4*b + 384 = 4*b. Suppose b = u - 226. What is the units digit of u?
4
Suppose -3*j = -4*x + 14635, x = 4*j + 4005 - 356. What is the thousands digit of x?
3
Suppose 12*n + 4*n - 218468 = 893420. What is the hundreds digit of n?
4
Let m be (1 - (3 - 1))*2/2. What is the hundreds digit of (-303 - m)*(-2)/4?
1
Suppose -16*q = -26104 - 17192. What is the units digit of q?
6
Suppose -3*s + 14 = 5. Suppose 0 = -0*z - 5*z + s*g + 15, -5*z = 2*g - 15. What is the units digit of 10/z*(-264)/(-55)?
6
What is the tens digit of ((-304863)/(-26))/(-5 - 13/(-2))?
1
Let h be (3/4*1)/((-1)/68). Let d = 61 + h. Suppose d*f - 8*f = 212. What is the units digit of f?
6
Let p(g) = -22*g - 106. Let o be p(-5). What is the tens digit of (-39)/o*15/((-90)/48)?
7
Suppose 3*p = -5*z - 379, 139 = -2*z + 3*p - 0*p. Let n = 142 + z. What is the units digit of (-1 + n/(-28))/((-2)/98)?
8
Let j = 85 - 395. Let v = j + 538. What is the tens digit of v?
2
Let j = 20338 - 2284. What is the hundreds digit of j?
0
Let i(r) = -5*r - 146. Let y be i(16). What is the hundreds digit of 0 + 5/((-25)/(-10)) - y?
2
Let l(z) = -z**2 + 13*z - 9. Let h = 35 + -25. Let v be (1 + -8)*2/(-14)*h. What i